What are the prime factors of 329?
7, 47
What are the prime factors of 2250?
2, 3, 5
What are the prime factors of 7380?
2, 3, 5, 41
What are the prime factors of 6792?
2, 3, 283
List the prime factors of 32253.
3, 13, 827
List the prime factors of 1312.
2, 41
What are the prime factors of 773?
773
What are the prime factors of 12963?
3, 29, 149
List the prime factors of 31114.
2, 47, 331
What are the prime factors of 1316?
2, 7, 47
List the prime factors of 87998.
2, 23, 1913
What are the prime factors of 1636?
2, 409
List the prime factors of 1331.
11
List the prime factors of 44640.
2, 3, 5, 31
What are the prime factors of 146?
2, 73
What are the prime factors of 9724?
2, 11, 13, 17
What are the prime factors of 10853?
10853
What are the prime factors of 49537?
49537
What are the prime factors of 146166?
2, 3, 17, 1433
What are the prime factors of 24458?
2, 7, 1747
What are the prime factors of 16251?
3, 5417
What are the prime factors of 11253?
3, 11, 31
What are the prime factors of 18099?
3, 2011
What are the prime factors of 9251?
11, 29
What are the prime factors of 33457?
33457
What are the prime factors of 89631?
3, 23, 433
What are the prime factors of 2641?
19, 139
What are the prime factors of 154?
2, 7, 11
List the prime factors of 50553.
3, 41, 137
What are the prime factors of 12795?
3, 5, 853
What are the prime factors of 1106?
2, 7, 79
What are the prime factors of 1463?
7, 11, 19
List the prime factors of 773.
773
List the prime factors of 530.
2, 5, 53
What are the prime factors of 9866?
2, 4933
List the prime factors of 218.
2, 109
List the prime factors of 1957.
19, 103
List the prime factors of 288.
2, 3
What are the prime factors of 1852?
2, 463
List the prime factors of 948.
2, 3, 79
List the prime factors of 17480.
2, 5, 19, 23
List the prime factors of 414.
2, 3, 23
What are the prime factors of 54683?
149, 367
What are the prime factors of 745?
5, 149
What are the prime factors of 43123?
29, 1487
List the prime factors of 5287.
17, 311
List the prime factors of 66663.
3, 823
What are the prime factors of 46677?
3, 15559
What are the prime factors of 1188?
2, 3, 11
List the prime factors of 35.
5, 7
What are the prime factors of 207?
3, 23
What are the prime factors of 32543?
7, 4649
What are the prime factors of 18630?
2, 3, 5, 23
List the prime factors of 1683.
3, 11, 17
What are the prime factors of 724?
2, 181
List the prime factors of 16003.
13, 1231
List the prime factors of 6331.
13, 487
List the prime factors of 631.
631
What are the prime factors of 1355?
5, 271
List the prime factors of 7959.
3, 7, 379
List the prime factors of 50558.
2, 17, 1487
List the prime factors of 10206.
2, 3, 7
What are the prime factors of 32243?
19, 1697
List the prime factors of 3491.
3491
List the prime factors of 39806.
2, 13, 1531
What are the prime factors of 13607?
11, 1237
List the prime factors of 58554.
2, 3, 3253
List the prime factors of 30985.
5, 6197
List the prime factors of 594.
2, 3, 11
What are the prime factors of 2614?
2, 1307
List the prime factors of 137131.
137131
What are the prime factors of 955?
5, 191
What are the prime factors of 27289?
29, 941
What are the prime factors of 2118?
2, 3, 353
What are the prime factors of 2875?
5, 23
List the prime factors of 40770.
2, 3, 5, 151
What are the prime factors of 928?
2, 29
List the prime factors of 3197.
23, 139
List the prime factors of 743.
743
List the prime factors of 3602.
2, 1801
What are the prime factors of 12874?
2, 41, 157
List the prime factors of 43809.
3, 17, 859
List the prime factors of 3497.
13, 269
What are the prime factors of 21977?
21977
What are the prime factors of 4485?
3, 5, 13, 23
List the prime factors of 1078.
2, 7, 11
What are the prime factors of 17465?
5, 7, 499
What are the prime factors of 53707?
43, 1249
What are the prime factors of 48128?
2, 47
List the prime factors of 431.
431
What are the prime factors of 829?
829
List the prime factors of 1928.
2, 241
What are the prime factors of 2039?
2039
What are the prime factors of 9117?
3, 1013
What are the prime factors of 30978?
2, 3, 1721
List the prime factors of 382.
2, 191
What are the prime factors of 491?
491
List the prime factors of 1655.
5, 331
What are the prime factors of 75568?
2, 4723
What are the prime factors of 4697?
7, 11, 61
List the prime factors of 938.
2, 7, 67
What are the prime factors of 624?
2, 3, 13
What are the prime factors of 8751?
3, 2917
List the prime factors of 10587.
3, 3529
What are the prime factors of 3218?
2, 1609
List the prime factors of 153.
3, 17
What are the prime factors of 245?
5, 7
List the prime factors of 33762.
2, 3, 17, 331
What are the prime factors of 58344?
2, 3, 11, 13, 17
What are the prime factors of 2403?
3, 89
What are the prime factors of 14509?
11, 1319
What are the prime factors of 12025?
5, 13, 37
List the prime factors of 72358.
2, 11, 13, 23
List the prime factors of 38305.
5, 47, 163
What are the prime factors of 2220?
2, 3, 5, 37
List the prime factors of 3612.
2, 3, 7, 43
What are the prime factors of 6761?
6761
What are the prime factors of 1863?
3, 23
List the prime factors of 2947.
7, 421
List the prime factors of 1019.
1019
List the prime factors of 7508.
2, 1877
What are the prime factors of 39437?
113, 349
What are the prime factors of 28623?
3, 7, 29, 47
What are the prime factors of 17918?
2, 17, 31
What are the prime factors of 2646?
2, 3, 7
List the prime factors of 1804.
2, 11, 41
What are the prime factors of 637?
7, 13
List the prime factors of 3380.
2, 5, 13
What are the prime factors of 22335?
3, 5, 1489
List the prime factors of 2685.
3, 5, 179
List the prime factors of 1448.
2, 181
List the prime factors of 4658.
2, 17, 137
List the prime factors of 37407.
3, 37, 337
What are the prime factors of 2618?
2, 7, 11, 17
What are the prime factors of 526?
2, 263
List the prime factors of 5447.
13, 419
List the prime factors of 3823.
3823
List the prime factors of 13567.
13567
What are the prime factors of 17696?
2, 7, 79
What are the prime factors of 35017?
19, 97
What are the prime factors of 3652?
2, 11, 83
What are the prime factors of 607?
607
What are the prime factors of 2959?
11, 269
What are the prime factors of 196?
2, 7
List the prime factors of 41550.
2, 3, 5, 277
List the prime factors of 13313.
13313
What are the prime factors of 16218?
2, 3, 17, 53
What are the prime factors of 27764?
2, 11, 631
What are the prime factors of 880?
2, 5, 11
What are the prime factors of 37844?
2, 9461
What are the prime factors of 4929?
3, 31, 53
What are the prime factors of 45274?
2, 22637
List the prime factors of 2106.
2, 3, 13
List the prime factors of 13181.
7, 269
What are the prime factors of 2921?
23, 127
What are the prime factors of 11998?
2, 7, 857
List the prime factors of 2431.
11, 13, 17
What are the prime factors of 843?
3, 281
List the prime factors of 117389.
117389
What are the prime factors of 1340?
2, 5, 67
List the prime factors of 229.
229
What are the prime factors of 402?
2, 3, 67
List the prime factors of 1208.
2, 151
List the prime factors of 825.
3, 5, 11
List the prime factors of 1814.
2, 907
What are the prime factors of 5553?
3, 617
List the prime factors of 1012.
2, 11, 23
List the prime factors of 890.
2, 5, 89
List the prime factors of 2722.
2, 1361
List the prime factors of 7169.
67, 107
List the prime factors of 51466.
2, 25733
What are the prime factors of 177625?
5, 7, 29
List the prime factors of 1000.
2, 5
What are the prime factors of 7543?
19, 397
What are the prime factors of 6010?
2, 5, 601
List the prime factors of 3088.
2, 193
What are the prime factors of 1926?
2, 3, 107
What are the prime factors of 8827?
7, 13, 97
What are the prime factors of 1453?
1453
What are the prime factors of 69218?
2, 53, 653
What are the prime factors of 676?
2, 13
List the prime factors of 24443.
24443
List the prime factors of 1207.
17, 71
List the prime factors of 15580.
2, 5, 19, 41
What are the prime factors of 93529?
93529
What are the prime factors of 1011?
3, 337
What are the prime factors of 393?
3, 131
List the prime factors of 14959.
7, 2137
List the prime factors of 6677.
11, 607
What are the prime factors of 3740?
2, 5, 11, 17
List the prime factors of 2243.
2243
